 -1 + p)*28. What is the greatest common divisor of 21 and v?
7
Suppose -5*n = -14*n + 3717. Suppose 61 = -6*c - n. Let s = c + 118. What is the highest common factor of 78 and s?
39
Let l(x) = 3*x**2 - 1024*x + 8 + 23 + 1022*x. Let p be l(5). Calculate the greatest common divisor of p and 6.
6
Let o(a) = 11*a - 12*a - 10 + 2*a + 58. Let s be o(3). Let k = -68 + 102. Calculate the highest common divisor of s and k.
17
Suppose -p + 4 = -10. Let d be 14*(0 - (-12)/p). Suppose -202*w + 200*w + 9*t - 87 = 0, -5*t = -2*w - 43. What is the greatest common factor of d and w?
6
Let r be (-4)/8*(-3 - (3 - -138)). Suppose -g = 5*g - r. Let c = 318 - 222. Calculate the greatest common divisor of c and g.
12
Suppose 0 = i + 1, -13*i = -f - 12*i - 7. Let d be ((-117)/(-104))/(15/f - -2). What is the highest common divisor of 261 and d?
9
Suppose -c = 55*s - 52*s - 305, 4*s - 610 = -2*c. Calculate the highest common divisor of 1037 and c.
61
Let s be (-2625)/25*(2 - 7). Let o = s - 522. What is the highest common factor of 102 and o?
3
Let z(i) = 112*i + 225. Let b be z(8). Calculate the greatest common factor of b and 19.
19
Let v(f) = f**3 - f**2 - 3*f + 1. Let s = -1 - -4. Let x be v(s). Let t be (-60)/(-6) - 5/(x/4). Calculate the highest common factor of t and 32.
8
Let f(a) = a**3 + 19*a**2 - 3*a - 29. Let t be f(-19). Let p be ((-1050)/21)/((-2)/28). What is the greatest common factor of t and p?
28
Suppose -6*n + 4*a = -8*n + 18312, -a - 36651 = -4*n. What is the greatest common divisor of n and 18?
18
Let u be -1 - (214/4 + (-4)/(-8)). Let i be 3*4/4*u/(-3). Let a = i - 31. Calculate the highest common divisor of a and 264.
24
Let z = 135 + -69. Let c(a) = 32*a + 38. Let q be c(7). Let h = q - 256. Calculate the highest common divisor of h and z.
6
Let c(j) = 2*j**2. Let f(q) = 22*q**2 + 9*q + 29. Let v(p) = -6*c(p) + f(p). Let u be v(-4). What is the greatest common divisor of u and 9?
9
Let b = 413 - 218. Let w = b + -99. What is the highest common divisor of w and 64?
32
Suppose -131897 = -692*m + 648*m - 337. What is the greatest common divisor of 260 and m?
130
Let c be 1 - (-4 + 5 + -101). Let x = -99 + c. Let s be (-4)/8*(2 + x) + 70. Calculate the highest common divisor of 51 and s.
17
Suppose -28*n = -283754 - 421398. Calculate the highest common divisor of n and 64.
32
Suppose -u + 10 = -2*d, u - 34 = -3*d - 9. Suppose 86 = 36*y - 526. Suppose 29*g - 1344 = y*g. What is the highest common factor of u and g?
16
Suppose 25*k + 1423 = 16173. Let h = k + -563. Calculate the highest common factor of h and 99.
9
Let x(s) = 949*s + 8322. Let g be x(-8). Calculate the highest common factor of 130 and g.
10
Let h(a) = 3*a**3 + 3*a**2 + 2*a + 1. Let y be h(3). Let r(z) = 3*z**2 + 423*z + 5831. Let g be r(-126). What is the greatest common factor of y and g?
23
Let f(h) = h**2 + 8*h + 3. Let g be f(-10). Let n be (41 - 36)*(-1)/(-5). Let r be 209*(n - 0) + (9 - 11). What is the highest common divisor of r and g?
23
Suppose 4*o = x - 98, -11*x + 12*x = -o + 113. What is the highest common factor of x and 215?
5
Suppose 11 = -7*q + 25. Let o be 45/(q/((-2)/(-1))). Suppose -21*v + o = -18*v. What is the highest common factor of v and 6?
3
Let f be (-3 - 9)/((-2555)/(-644) + -4). What is the greatest common factor of 48 and f?
16
Let v(i) = i**3 + 7*i**2 - 324*i + 182. Let k be v(-22). What is the highest common divisor of k and 7575?
25
Let h = -12245 - -13945. What is the greatest common factor of 85 and h?
85
Let b be ((-232)/24)/((-2)/6). Suppose 4004 = b*q - 22*q. What is the highest common divisor of 52 and q?
52
Let n = 5218 - 5134. Calculate the greatest common divisor of n and 798.
42
Let j(s) = -56*s + 99*s + 4*s**2 - 2 - 51*s + s**3. Let g be j(5). What is the highest common factor of 122 and g?
61
Let y be (-406)/(-4) - 3/(-2). Suppose 4*b - 13*s + 10*s = 416, -3*s = 2*b - 190. Let t = y - b. What is the highest common factor of 10 and t?
2
Let k = 86 - 81. Suppose -3*z + 1 = -5*u, -2*z + k*u - 1 = 2*u. Let w(j) = -2*j - 9. Let o be w(z). What is the greatest common divisor of 28 and o?
7
Let t = 140 + -105. What is the greatest common divisor of t and 5320?
35
Let p(j) = -2*j - 51. Let f be p(-23). Let b be 6/f*25/(-3). Let k be 1/(-4) + (-201)/(-4). Calculate the greatest common divisor of b and k.
10
Suppose q - 3*w + 206 = -93, -1423 = 5*q + 3*w. Let g = 427 + q. Let z be 10/14 + -1 + 31400/g. What is the greatest common factor of z and 28?
28
Let w = 11861 + -11291. Calculate the greatest common factor of 30 and w.
30
Let r(a) = -219*a + 2084. Let w be r(6). Calculate the highest common divisor of 110 and w.
110
Let r(p) = -23*p - 45. Let d be r(-2). Let c be (75 - 5)*((-12)/20 + d). Calculate the highest common factor of c and 217.
7
Let s = 3356 - 1396. Calculate the greatest common divisor of s and 210.
70
Let k = 6 - -6. Let h(l) = l**2 - 69 - 1037*l + 523*l + 524*l. Let i be h(5). Calculate the greatest common factor of i and k.
6
Let h be 30/12*(25 + -3). Calculate the highest common divisor of 3256 and h.
11
Let p(l) = 2*l**3 - 9*l**2 - 3*l - 2. Let v be p(5). Suppose 720 = 10*n + v*n. Calculate the highest common factor of n and 5.
5
Suppose -q = 8*q - 243. Let m = -24 + q. Suppose -m*o = o - 1152. Calculate the highest common divisor of o and 36.
36
Let d be 46*(1/2 - -22). Calculate the greatest common divisor of 1755 and d.
45
Let w = 36 - 57. Let j = -17 - w. Suppose 0 = j*x + 2*b - 258, 0*b + 63 = x + b. Calculate the highest common divisor of 165 and x.
33
Suppose 0*h = 4*h - 108. Suppose -5*f - 12*i = -2*i - 90, -28 = -2*f - 3*i. What is the greatest common factor of h and f?
1
Let d(b) = b**3 - 2*b**2 - 7*b + 6. Let j be d(4). Let v be 480/(-54)*72/(-16). Calculate the highest common divisor of v and j.
10
Let n(h) = 4*h + 14. Let g be n(7). Let p = -3085 - -3115. What is the highest common divisor of g and p?
6
Suppose -v = 20*i - 17*i - 399, -4*v + 672 = 5*i. Let z(q) = 2*q**2 - 2*q. Let y = 8 + -5. Let l be z(y). What is the highest common divisor of i and l?
12
Let z = 203 + -184. Suppose 0 = -21*o + z*o + 10, 72 = 4*l + 4*o. Calculate the greatest common divisor of 1469 and l.
13
Let t be 9/3 + -5 - -24. Let i = 37 - t. Let l be ((-26)/8 - (-60)/(-80)) + i. What is the highest common divisor of l and 22?
11
Suppose -x + 5*a = 1, 2*x - 2*a = x + 14. Let s(c) = 169*c**2 + 19*c - 2. Let u be s(-2). Calculate the greatest common divisor of x and u.
12
Suppose 5*m - q - 1637 = 0, 4*m + m - 1646 = -2*q. Let k = m + -178. Calculate the highest common divisor of 30 and k.
30
Suppose 113 = 2*g + 3*m, -4*g = -10*m + 9*m - 261. Suppose -4*y + 3*f - 5*f = -g, 5*f = 3*y - 35. Calculate the greatest common factor of 255 and y.
15
Let d be 0 - -1587 - (-104 + 118). Calculate the greatest common factor of 605 and d.
121
Let n(i) = -i. Let y(c) = -2*c + 54. Let l(b) = -12*n(b) + y(b). Let v be l(0). What is the highest common divisor of v and 12?
6
Suppose 4 = -30*j + 134 + 20. Let m(w) = w**2 - 2*w - 4. Let g be (-4)/2 - 4/2. Let b be m(g). Calculate the highest common divisor of j and b.
5
Let t(i) = -7*i**3 - 99*i**2 - 16*i - 19. Let s be t(-14). What is the greatest common factor of s and 279?
9
Suppose 3*f + 4044 = n, -43*n + 44*n = -3*f + 4056. What is the highest common divisor of n and 189?
27
Let h = 34391 + -26344. Calculate the greatest common factor of 13 and h.
13
Let v be 18/(27/(18630/12)). What is the greatest common divisor of 180 and v?
45
Suppose 5*c - 4*z - 176 = 0, -14*z = 3*c - 10*z - 112. What is the greatest common divisor of c and 1107?
9
Suppose 0 = -2*u + 309 + 131. Let g(n) = 24*n**2 - 18*n + 14. Let p be g(1). What is the highest common divisor of u and p?
20
Suppose 3*t - 4*h - 96 = 0, -3*h + 247 = t + 202. Suppose 2*m - 1134 = -198. Calculate the greatest common factor of m and t.
36
Let v(m) = -20*m**2 - 11*m - 30. Let f(a) = -17*a**2 - 11*a - 29. Let s(t) = 7*f(t) - 6*v(t). Let c be s(13). Calculate the greatest common factor of 1 and c.
1
Let i(q) = 3*q**3 + 19*q**2 + 37*q + 69. Let n be i(-2). Calculate the highest common factor of n and 17813.
47
Let j(y) = 14*y**2 - 2. Let l be j(-2). Suppose 283 - 67 = 3*k. What is the highest common factor of k and l?
18
Let x be (-464)/(-5) - -9 - 8/(-40)